{"id":512,"date":"2016-01-20T19:30:18","date_gmt":"2016-01-20T15:30:18","guid":{"rendered":"https:\/\/questhunter.hu\/?page_id=512"},"modified":"2019-08-18T19:41:49","modified_gmt":"2019-08-18T17:41:49","slug":"for-corporate-clients","status":"publish","type":"page","link":"https:\/\/questhunter.hu\/balaton\/for-corporate-clients\/","title":{"rendered":"V\u00e1llalati \u00fcgyfeleknek"},"content":{"rendered":"<p class=\"qtranxs-available-languages-message qtranxs-available-languages-message-hu\">Sajnos ennek a bejegyz\u00e9snek csak <a href=\"https:\/\/questhunter.hu\/balaton\/en\/wp-json\/wp\/v2\/pages\/512\" class=\"qtranxs-available-language-link qtranxs-available-language-link-en\" title=\"English\">Amerikai Angol<\/a> nyelv\u0171 v\u00e1ltozata van. A megtekint\u0151 k\u00e9nyelm\u00e9\u00e9rt az al\u00e1bbi tartalom alternat\u00edv nyelven jelenik meg. R\u00e1kattinthat a linkre az akt\u00edv nyelv m\u00f3dos\u00edt\u00e1s\u00e1hoz.<\/p><p>Entertainment activity that is very popular around the world: escape rooms near Balaton \u2013 an excellent choice for a corporate event<br \/>\nUNDER CONSTRUCTION<\/p>","protected":false},"excerpt":{"rendered":"<p>Sajnos ennek a bejegyz\u00e9snek csak Amerikai Angol nyelv\u0171 v\u00e1ltozata van. A megtekint\u0151 k\u00e9nyelm\u00e9\u00e9rt az al\u00e1bbi tartalom alternat\u00edv nyelven jelenik meg. R\u00e1kattinthat a linkre az akt\u00edv nyelv m\u00f3dos\u00edt\u00e1s\u00e1hoz.Entertainment activity that is very popular around the world: escape rooms near Balaton \u2013 an excellent choice for a corporate event UNDER CONSTRUCTION<\/p>\n","protected":false},"author":50,"featured_media":0,"parent":0,"menu_order":3,"comment_status":"open","ping_status":"open","template":"","meta":{"footnotes":""},"_links":{"self":[{"href":"https:\/\/questhunter.hu\/balaton\/wp-json\/wp\/v2\/pages\/512"}],"collection":[{"href":"https:\/\/questhunter.hu\/balaton\/wp-json\/wp\/v2\/pages"}],"about":[{"href":"https:\/\/questhunter.hu\/balaton\/wp-json\/wp\/v2\/types\/page"}],"author":[{"embeddable":true,"href":"https:\/\/questhunter.hu\/balaton\/wp-json\/wp\/v2\/users\/50"}],"replies":[{"embeddable":true,"href":"https:\/\/questhunter.hu\/balaton\/wp-json\/wp\/v2\/comments?post=512"}],"version-history":[{"count":1,"href":"https:\/\/questhunter.hu\/balaton\/wp-json\/wp\/v2\/pages\/512\/revisions"}],"predecessor-version":[{"id":3016,"href":"https:\/\/questhunter.hu\/balaton\/wp-json\/wp\/v2\/pages\/512\/revisions\/3016"}],"wp:attachment":[{"href":"https:\/\/questhunter.hu\/balaton\/wp-json\/wp\/v2\/media?parent=512"}],"curies":[{"name":"wp","href":"https:\/\/api.w.org\/{rel}","templated":true}]}}